 6435656.
2, 17, 79, 599
List the prime factors of 391037358.
2, 3, 131, 499, 997
List the prime factors of 1542074198.
2, 7, 15735451
List the prime factors of 1430879085.
3, 5, 31797313
List the prime factors of 40958366.
2, 20479183
What are the prime factors of 118093803?
3, 71, 554431
What are the prime factors of 11890865?
5, 7, 19, 17881
List the prime factors of 163447511.
73, 2239007
List the prime factors of 62766932.
2, 15691733
What are the prime factors of 1259060674?
2, 8747, 71971
List the prime factors of 412084629.
3, 11, 23, 137, 1321
What are the prime factors of 4033459?
53, 76103
List the prime factors of 12297548.
2, 23, 133669
List the prime factors of 47000386.
2, 2699, 8707
What are the prime factors of 574514225?
5, 3331, 6899
List the prime factors of 1233181302.
2, 3, 31, 59, 103, 1091
List the prime factors of 432963039.
3, 397, 363529
What are the prime factors of 642477827?
47, 13669741
What are the prime factors of 6894508?
2, 1723627
List the prime factors of 752284834.
2, 7, 53734631
What are the prime factors of 4023214394?
2, 19, 105874063
List the prime factors of 170394827.
170394827
List the prime factors of 141475471.
141475471
List the prime factors of 95404169.
7, 13629167
What are the prime factors of 150426554?
2, 89, 691, 1223
List the prime factors of 43980176.
2, 103, 26687
List the prime factors of 426617883.
3, 1109, 42743
What are the prime factors of 1143577505?
5, 7, 17, 367, 5237
List the prime factors of 227237531.
1747, 130073
List the prime factors of 128646800.
2, 5, 321617
What are the prime factors of 786995789?
19, 41420831
List the prime factors of 60295314.
2, 3, 10049219
What are the prime factors of 94306643?
94306643
List the prime factors of 47106221.
5297, 8893
List the prime factors of 1339638733.
647, 1223, 1693
What are the prime factors of 1233022482?
2, 3, 5689, 12041
What are the prime factors of 5903447?
11, 536677
What are the prime factors of 21194845?
5, 7, 23, 113, 233
What are the prime factors of 19041758?
2, 73, 130423
What are the prime factors of 48548438?
2, 199, 223, 547
List the prime factors of 205377844.
2, 7, 101, 72623
List the prime factors of 525207378.
2, 3, 37, 229, 10331
What are the prime factors of 4308909844?
2, 5279, 204059
List the prime factors of 530084553.
3, 19, 167, 233, 239
What are the prime factors of 328331390?
2, 5, 32833139
What are the prime factors of 37399549?
11, 3399959
List the prime factors of 126336367.
17, 7431551
List the prime factors of 7042885693.
97, 103, 541, 1303
What are the prime factors of 114379898?
2, 57189949
List the prime factors of 46405493.
46405493
List the prime factors of 12052684.
2, 7, 430453
List the prime factors of 6069888482.
2, 7, 433563463
List the prime factors of 2794787072.
2, 7, 11, 29, 4889
What are the prime factors of 69701127?
3, 23233709
List the prime factors of 36005089.
419, 85931
List the prime factors of 253221631.
13, 4093, 4759
List the prime factors of 58354739.
137, 251, 1697
What are the prime factors of 94720718?
2, 47360359
List the prime factors of 177204837.
3, 59068279
What are the prime factors of 2692673505?
3, 5, 727, 82307
What are the prime factors of 47190256?
2, 47, 62753
List the prime factors of 737701475.
5, 7, 101, 41737
What are the prime factors of 1469583990?
2, 3, 5, 7, 29, 11491
List the prime factors of 45461308.
2, 37, 307171
What are the prime factors of 93840303?
3, 31280101
List the prime factors of 209430080.
2, 5, 61, 10729
What are the prime factors of 5192322676?
2, 1298080669
What are the prime factors of 559037654?
2, 7, 79, 505459
List the prime factors of 127113881.
127113881
What are the prime factors of 4639256881?
7, 662750983
List the prime factors of 2604181966.
2, 1302090983
What are the prime factors of 1130657430?
2, 3, 5, 7, 1201, 4483
List the prime factors of 4078830305.
5, 11, 3643, 20357
List the prime factors of 1260774440.
2, 5, 23, 1370407
What are the prime factors of 37854830?
2, 5, 13, 291191
What are the prime factors of 305207922?
2, 3, 4651, 10937
What are the prime factors of 70260406?
2, 229, 153407
What are the prime factors of 1287861856?
2, 40245683
List the prime factors of 24056034.
2, 3, 4009339
List the prime factors of 1600406647.
7, 397, 575893
List the prime factors of 58603000.
2, 5, 58603
List the prime factors of 19632714.
2, 3, 3272119
What are the prime factors of 7297844300?
2, 5, 109, 669527
List the prime factors of 5088145767.
3, 23, 97, 33053
What are the prime factors of 126390849?
3, 13, 47, 53, 1301
List the prime factors of 3440929085.
5, 11, 719, 87013
List the prime factors of 27466873.
7, 3923839
List the prime factors of 74883916.
2, 29, 229, 2819
List the prime factors of 490378163.
11, 19, 41, 89, 643
What are the prime factors of 25532465?
5, 7, 61, 11959
What are the prime factors of 54024038?
2, 239, 113021
What are the prime factors of 54446330?
2, 5, 5444633
List the prime factors of 4683606427.
11813, 396479
What are the prime factors of 1676738892?
2, 3, 3623, 38567
What are the prime factors of 1731215289?
3, 577071763
What are the prime factors of 56986983?
3, 47, 14969
What are the prime factors of 47323124?
2, 167, 70843
List the prime factors of 141745723.
7, 101, 157, 1277
What are the prime factors of 8409312610?
2, 5, 227, 3704543
What are the prime factors of 577229624?
2, 72153703
List the prime factors of 278723703.
3, 89, 251, 4159
What are the prime factors of 993582368?
2, 79, 393031
What are the prime factors of 983419347?
3, 19, 17252971
List the prime factors of 46876143.
3, 15625381
List the prime factors of 45240979.
7, 6462997
List the prime factors of 241938168.
2, 3, 439, 22963
What are the prime factors of 108307969?
7, 11, 17, 97, 853
List the prime factors of 1549179336.
2, 3, 64549139
List the prime factors of 111801758.
2, 17, 23, 142969
What are the prime factors of 1239660492?
2, 3, 7, 439, 33617
What are the prime factors of 1776694855?
5, 13, 43, 14783
What are the prime factors of 761478610?
2, 5, 661, 115201
What are the prime factors of 646067510?
2, 5, 11, 29, 202529
What are the prime factors of 30753770?
2, 5, 3075377
List the prime factors of 92200660.
2, 5, 4610033
List the prime factors of 387345739.
11, 199, 176951
What are the prime factors of 2021983933?
19, 139, 765613
What are the prime factors of 47349904?
2, 7, 569, 743
List the prime factors of 469299176.
2, 23, 173, 641
What are the prime factors of 1696663264?
2, 23, 503, 4583
List the prime factors of 1245907180.
2, 5, 7, 41, 217057
List the prime factors of 1330950410.
2, 5, 1063, 125207
List the prime factors of 164858626.
2, 59, 1397107
List the prime factors of 12204335.
5, 11, 13, 101
List the prime factors of 8069293.
37, 467
List the prime factors of 225842909.
17, 79, 337, 499
What are the prime factors of 16695483?
3, 7, 795023
What are the prime factors of 195411783?
3, 7, 131, 251, 283
What are the prime factors of 38337392?
2, 281, 8527
What are the prime factors of 776238075?
3, 5, 3449947
What are the prime factors of 3582947649?
3, 6977, 171179
What are the prime factors of 177589102?
2, 131, 521, 1301
What are the prime factors of 74140010?
2, 5, 7, 61, 97, 179
List the prime factors of 2095728233.
2095728233
What are the prime factors of 3372498106?
2, 1686249053
What are the prime factors of 1362713458?
2, 681356729
What are the prime factors of 4311929924?
2, 1077982481
What are the prime factors of 231266099?
71, 3257269
What are the prime factors of 247756739?
317, 781567
What are the prime factors of 3006588850?
2, 5, 331, 181667
What are the prime factors of 5508088?
2, 688511
List the prime factors of 138363778.
2, 7, 179, 55213
List the prime factors of 3852777492.
2, 3, 107021597
What are the prime factors of 146307595?
5, 7, 4180217
List the prime factors of 876908004.
2, 3, 7, 10439381
List the prime factors of 1394651417.
701, 1989517
List the prime factors of 70301381.
1319, 53299
List the prime factors of 28623266.
2, 7, 2044519
List the prime factors of 537147316.
2, 134286829
What are the prime factors of 23942581?
13, 163, 11299
What are the prime factors of 233060566?
2, 116530283
List the prime factors of 140557145.
5, 2729, 10301
What are the pr